. Let h(f) = -11*f - 19. Calculate the remainder when t is divided by h(-4).
22
Calculate the remainder when 534 is divided by (-2649)/(-15) - 672/(-280).
176
Suppose 0 = 5*n + 4*n. Suppose b - 4*s - 121 = 0, n = 4*b + 3*s - 67 - 379. What is the remainder when b is divided by 69?
44
Suppose f - u = 56, 12*f + 2*u = 15*f - 168. What is the remainder when 285 is divided by f?
5
What is the remainder when (-17)/((-255)/(-6)) - (-664)/10 is divided by ((-90)/(-4))/3*56/21?
6
Let z = 41511 + -40331. What is the remainder when z is divided by 118?
0
Let u(d) be the first derivative of d**3/3 - 8*d - 3. Suppose 20*n = -4*g + 22*n + 26, 5*g - 34 = n. What is the remainder when u(g) is divided by 11?
8
Suppose 0 = n - 3*g - g, -5*g = 2*n. Suppose -4*u + 246 = a, -3*u + 3*a + 57 + 135 = 0. What is the remainder when u is divided by 44*(-2 - n)/(-4)?
18
Suppose -3 = -w - t + 3, w = 5*t - 18. Suppose -5*g + 4*z = -w - 47, -5*g + 77 = 3*z. Calculate the remainder when 166 is divided by g.
10
Let b = -2219 + 2214. Let h(p) = 20 - p**2 + 2*p + 3*p**2 + 2*p. Calculate the remainder when h(b) is divided by 26.
24
Let k(d) = d**2 + 4*d + 3. Suppose 4*f + 4*m = 19 - 7, -2*f + 4*m = 24. What is the remainder when -3 - f - (75*-1 - -3) is divided by k(-6)?
11
Suppose 554 = 2*z + 4*j - 534, z - 543 = -3*j. What is the remainder when z is divided by 177?
15
Let l = -159 + 159. Suppose 2 = d - 2*b - 1, -d - 4*b + 21 = l. Calculate the remainder when 23 is divided by d.
5
Let s(g) = 23*g**3 - 4*g - 3. Let c be s(-2). Let r be (-96940)/786*(-24)/10. Let f = c + r. What is the remainder when f is divided by 10?
7
Suppose 0 = 3*i + 90*g - 92*g - 489, -4*i + 635 = 3*g. Calculate the remainder when i is divided by 2.
1
Suppose 5*x + 34 = 39. Let r(c) = 145*c + 11. Calculate the remainder when r(x) is divided by 48.
12
Let a = 51 - -508. Suppose -9*g + 215 = -a. What is the remainder when g is divided by 22?
20
Let x = -339 + 347. Let t(w) = -w**2 + 12*w - 8. Calculate the remainder when 94 is divided by t(x).
22
Let r = 2525 - 2216. Calculate the remainder when r is divided by 6.
3
Let y(q) = 0*q**3 - 3 - 2*q**3 + 3*q**2 - 2*q**2 + q. Let w be (7 + (-31)/4)/(2/8). Calculate the remainder when y(w) is divided by 20.
17
Let w(g) = 2*g**2 + 2*g + 5. Let z be w(-2). Suppose -1760 = z*y - 4*y. What is the remainder when 23 is divided by 1/5 - (y/(-10))/(-4)?
5
Let f(c) = -4*c + 2. Let w(g) = 11*g - 83. Let a be w(8). Suppose a*d - b - 81 = 0, -4*d - 17 = 5*b - 76. What is the remainder when f(-7) is divided by d?
14
Suppose -7*p - 560 = 7*p. Let h = 7 - p. Calculate the remainder when h is divided by 5/(10/18) - -3.
11
Suppose 0 = -5*x + 7*x - 9*x + 1568. What is the remainder when x is divided by 99?
26
Suppose -3*b - 64 = -5*z, 2*z + b - 33 = -14. Let v = 276 - 273. Suppose -z = -v*j + 2*j. Calculate the remainder when j is divided by 3.
2
Let g(b) = 18*b - 69. Let h be g(4). Suppose 18 = s - h. What is the remainder when 57 is divided by s?
15
Let l(s) = 10*s**2 + s - 10. Let z be l(-3). What is the remainder when ((-712)/(-14))/(22/z) is divided by 61?
56
Let l = 126 - 72. Let t(n) = -1017*n + 44767. Calculate the remainder when l is divided by t(44).
16
Suppose 250*z - 147*z + 199*z - 39562 = 0. Calculate the remainder when 140 is divided by z.
9
Let v be 1*(13/((-26)/(-12)))/(-2). Calculate the remainder when 43 is divided by -13 + 38 + 6 + v.
15
Let n = 216 - 207. Suppose -v = z - 8, -8*z - 26 = -4*v - n*z. Let q(y) = -y**3 + 9*y**2 - 5*y + 5. Calculate the remainder when q(4) is divided by v.
5
Let a(w) = -26*w**3 - 6*w**2 + 129*w + 647. What is the remainder when a(-5) is divided by 194?
192
Let f(m) = 7*m + 41. Let o(t) = 13*t + 42. Let l be o(-3). Calculate the remainder when 308 is divided by f(l).
60
Let h = -3519 - -3780. What is the remainder when h is divided by 36?
9
Let l(x) = -35*x**2 - 100*x + 28. Calculate the remainder when (248/(-20))/((-1)/5) is divided by l(-3).
10
Let t be (-2 - -4 - 1)*-1. Let q be 0/t + -31 - 4. Let s = q - -43. What is the remainder when 28 is divided by s?
4
Let m = -64 - -117. What is the remainder when 894/9 + (-60)/(-36) is divided by m?
48
Suppose 682 = 5*x - 3*q, 17*q - 291 = 7*x - 9*x. Calculate the remainder when x is divided by 2/(2/19) + 1.
17
Let w(z) = 41*z**3 + z**2 - 2*z + 3. Calculate the remainder when 558 is divided by w(1).
42
Let z be 12/(-4) - 16/(-2). Suppose v = -3*b + 80, z*b - v = 206 - 62. Let p = 201 - 92. What is the remainder when p is divided by b?
25
Let a = 226 + 721. Calculate the remainder when a is divided by 73.
71
Suppose 746*v - 730*v - 416 = 0. What is the remainder when 128 is divided by v?
24
Let y(j) = j**3 + 5*j**2 - 84*j + 15. Let x = -359 + 673. What is the remainder when x is divided by y(-12)?
14
Let j(c) = c**3 + 12*c**2 + 5. Let u be j(-12). Suppose 3*o = u*o. Suppose -2*t - 4*q = -t + 9, o = -4*q - 20. What is the remainder when 30 is divided by t?
8
Let l = -1687 - -2176. What is the remainder when l is divided by 472?
17
Let h(i) = 70*i**2 + 27*i + 44 - 10 + 24 - 18*i**2. What is the remainder when h(-2) is divided by 43?
40
Suppose g + 5*b = -4*g + 1270, 2*b + 257 = g. Suppose -74*t - 715 = -85*t. What is the remainder when g is divided by t?
60
Suppose -q - 2 = -2*t, 3*t = -4*q + 32 - 29. Calculate the remainder when 28*t*714/147 is divided by 39.
19
Let a(w) = 4*w**3 - 9*w**2 + 4*w + 7. Calculate the remainder when 3103 is divided by a(4).
133
Suppose -34*x + 1620 = -22*x. Calculate the remainder when x is divided by 26 + (1/(-2) - 60/(-24)).
23
Let b be (-1 - (-4 + 6)) + 2. Let x be 1*(-3 + (3 - b)) + 43. Let r = 54 - x. What is the remainder when 17 is divided by r?
7
Suppose -171 = -26*t + 25*t - 4*x, 2*x + 4 = 0. Suppose -6*m = -t + 23. Calculate the remainder when m is divided by 23.
3
Let n be ((-28365)/62)/((-9)/12). Let z = -596 + n. What is the remainder when 81 is divided by z?
11
Suppose 12 = 3*g - 9*g. Let v(f) = -4*f**3 + f**2 + 4. What is the remainder when v(g) is divided by (0 - -9 - 1) + -2?
4
Suppose 88*c - 90*c = -24. Suppose -115 = -4*k + 157. What is the remainder when k is divided by c?
8
Let v(x) = 6*x**2 + 13*x + 25. What is the remainder when 3620/(-30)*3/(-2)*1 is divided by v(-2)?
20
Let i(v) = -27*v - 6. Suppose 743*k = -208*k + 8559. What is the remainder when i(-4) is divided by k?
3
Let p = 20676 - 15121. Calculate the remainder when p is divided by 43.
8
Let l(q) = 25*q - 138. Let d(c) = -3*c - 1. Let a(p) = -4*d(p) - l(p). Suppose -n + 40 = 13. Calculate the remainder when a(7) is divided by n.
24
Suppose -56 = 4*x + 4*d, 23*x - 19*x = -5*d - 55. Let q(y) = -y - 3. Let o be q(3). What is the remainder when 1020/75*(0 + x/o) is divided by 19?
15
Let q(v) = -3*v**2 - v - 32. Let k be q(12). Let t = 478 + k. Let a = 15 - 9. What is the remainder when a is divided by t?
0
Suppose -4*q - 5*x = -41, 104 - 116 = 4*x. What is the remainder when (138/(-8))/((-2)/8) is divided by q?
13
Let t = 3672 + -1891. What is the remainder when t is divided by 47?
42
Let p(x) = -6*x + 52. Let k be p(9). Let z be 250/k + 56/14. Let o = -95 - z. Calculate the remainder when 71 is divided by o.
19
Let n(u) = 8*u - 6. Let z = 210 + -35. Let l = z - 124. Calculate the remainder when l is divided by n(4).
25
Suppose -2*x - 2*r + 80 = 2*x, 2*x - 60 = 4*r. What is the remainder when x is divided by (-4)/18 - ((-269297)/279)/73?
9
Calculate the remainder when (4/3)/(-13 + 0 - 2370/(-180)) is divided by 6.
2
Suppose 94*q = 103*q + 4425 - 41451. What is the remainder when q is divided by 133?
124
Suppose 6*o - 152 + 20 = 0. Suppose 0 = o*w - 930 - 786. Calculate the remainder when w is divided by 9.
6
Suppose 3*v + b = 7, 2 = b - 2. What is the remainder when (v/(-6))/((-10)/6540) is divided by 14?
11
Let x be 24/(-24) - 20/((-2)/2). Let k(v) = -v**2 + 21*v - 30. Let j be k(x). Suppose 0 = -p - p + j. Calculate the remainder when 37 is divided by p.
1
Let d(s) = 20*s + 975. Calculate the remainder when d(-6) is divided by 95.
0
Suppose -9*w = -187 + 133. Let u(i) = 20*i - 101. Calculate the remainder when ((-12)/(-10))/((-2)/(-60)) is divided by u(w).
17
Let z(v) = -2*v**2 - 28*v + 84. What is the remainder when 1238 is divided by z(-15)?
50
Suppose -3*f + 7*f = -3*s + 154